{"version":"1.0","provider_name":"Marcelo Lopes","provider_url":"https:\/\/marcelolopes.jor.br\/site","title":"IF Sudeste de Rio Pomba abre inscri\u00e7\u00f5es para curso de Direito | Marcelo Lopes","type":"rich","width":600,"height":338,"html":"<blockquote class=\"wp-embedded-content\" data-secret=\"LhJhKdq5kJ\"><a href=\"https:\/\/marcelolopes.jor.br\/site\/2019\/04\/12\/811\/\">IF Sudeste de Rio Pomba abre inscri\u00e7\u00f5es para curso de Direito<\/a><\/blockquote><iframe sandbox=\"allow-scripts\" security=\"restricted\" src=\"https:\/\/marcelolopes.jor.br\/site\/2019\/04\/12\/811\/embed\/#?secret=LhJhKdq5kJ\" width=\"600\" height=\"338\" title=\"&#8220;IF Sudeste de Rio Pomba abre inscri\u00e7\u00f5es para curso de Direito&#8221; &#8212; Marcelo Lopes\" data-secret=\"LhJhKdq5kJ\" frameborder=\"0\" marginwidth=\"0\" marginheight=\"0\" scrolling=\"no\" class=\"wp-embedded-content\"><\/iframe><script type=\"text\/javascript\">\n\/* <![CDATA[ *\/\n\/*! This file is auto-generated *\/\n!function(d,l){\"use strict\";l.querySelector&&d.addEventListener&&\"undefined\"!=typeof URL&&(d.wp=d.wp||{},d.wp.receiveEmbedMessage||(d.wp.receiveEmbedMessage=function(e){var t=e.data;if((t||t.secret||t.message||t.value)&&!\/[^a-zA-Z0-9]\/.test(t.secret)){for(var s,r,n,a=l.querySelectorAll('iframe[data-secret=\"'+t.secret+'\"]'),o=l.querySelectorAll('blockquote[data-secret=\"'+t.secret+'\"]'),c=new RegExp(\"^https?:$\",\"i\"),i=0;i<o.length;i++)o[i].style.display=\"none\";for(i=0;i<a.length;i++)s=a[i],e.source===s.contentWindow&&(s.removeAttribute(\"style\"),\"height\"===t.message?(1e3<(r=parseInt(t.value,10))?r=1e3:~~r<200&&(r=200),s.height=r):\"link\"===t.message&&(r=new URL(s.getAttribute(\"src\")),n=new URL(t.value),c.test(n.protocol))&&n.host===r.host&&l.activeElement===s&&(d.top.location.href=t.value))}},d.addEventListener(\"message\",d.wp.receiveEmbedMessage,!1),l.addEventListener(\"DOMContentLoaded\",function(){for(var e,t,s=l.querySelectorAll(\"iframe.wp-embedded-content\"),r=0;r<s.length;r++)(t=(e=s[r]).getAttribute(\"data-secret\"))||(t=Math.random().toString(36).substring(2,12),e.src+=\"#?secret=\"+t,e.setAttribute(\"data-secret\",t)),e.contentWindow.postMessage({message:\"ready\",secret:t},\"*\")},!1)))}(window,document);\n\/\/# sourceURL=https:\/\/marcelolopes.jor.br\/site\/wp-includes\/js\/wp-embed.min.js\n\/* ]]> *\/\n<\/script>\n","thumbnail_url":"https:\/\/marcelolopes.jor.br\/site\/wp-content\/uploads\/2019\/04\/0001.jpg","thumbnail_width":804,"thumbnail_height":503,"description":"Est\u00e3o abertas as inscri\u00e7\u00f5es para a primeira turma do curso de Direito do Instituto Federal do Sudeste de Minas Gerais (IF Sudeste) no Campus Rio Pomba. Os interessados em preencher as 40 vagas podem se inscrever at\u00e9 o dia 9Leia mais"}

IF Sudeste de Rio Pomba abre inscrições para curso de Direito | Marcelo Lopes

<blockquote class="wp-embedded-content" data-secret="LhJhKdq5kJ"><a href="https://marcelolopes.jor.br/site/2019/04/12/811/">IF Sudeste de Rio Pomba abre inscrições para curso de Direito</a></blockquote><iframe sandbox="allow-scripts" security="restricted" src="https://marcelolopes.jor.br/site/2019/04/12/811/embed/#?secret=LhJhKdq5kJ" width="600" height="338" title="&#8220;IF Sudeste de Rio Pomba abre inscrições para curso de Direito&#8221; &#8212; Marcelo Lopes" data-secret="LhJhKdq5kJ" frameborder="0" marginwidth="0" marginheight="0" scrolling="no" class="wp-embedded-content"></iframe><script type="text/javascript">
/* <![CDATA[ */
/*! This file is auto-generated */
!function(d,l){"use strict";l.querySelector&&d.addEventListener&&"undefined"!=typeof URL&&(d.wp=d.wp||{},d.wp.receiveEmbedMessage||(d.wp.receiveEmbedMessage=function(e){var t=e.data;if((t||t.secret||t.message||t.value)&&!/[^a-zA-Z0-9]/.test(t.secret)){for(var s,r,n,a=l.querySelectorAll('iframe[data-secret="'+t.secret+'"]'),o=l.querySelectorAll('blockquote[data-secret="'+t.secret+'"]'),c=new RegExp("^https?:$","i"),i=0;i<o.length;i++)o[i].style.display="none";for(i=0;i<a.length;i++)s=a[i],e.source===s.contentWindow&&(s.removeAttribute("style"),"height"===t.message?(1e3<(r=parseInt(t.value,10))?r=1e3:~~r<200&&(r=200),s.height=r):"link"===t.message&&(r=new URL(s.getAttribute("src")),n=new URL(t.value),c.test(n.protocol))&&n.host===r.host&&l.activeElement===s&&(d.top.location.href=t.value))}},d.addEventListener("message",d.wp.receiveEmbedMessage,!1),l.addEventListener("DOMContentLoaded",function(){for(var e,t,s=l.querySelectorAll("iframe.wp-embedded-content"),r=0;r<s.length;r++)(t=(e=s[r]).getAttribute("data-secret"))||(t=Math.random().toString(36).substring(2,12),e.src+="#?secret="+t,e.setAttribute("data-secret",t)),e.contentWindow.postMessage({message:"ready",secret:t},"*")},!1)))}(window,document);
//# sourceURL=https://marcelolopes.jor.br/site/wp-includes/js/wp-embed.min.js
/* ]]> */
</script>

Estão abertas as inscrições para a primeira turma do curso de Direito do Instituto Federal do Sudeste de Minas Gerais (IF Sudeste) no Campus Rio Pomba. Os interessados em preencher as 40 vagas podem se inscrever até o dia 9Leia mais
